se 2*n - z = -0*n. What are the prime factors of n?
7, 11
Suppose 28*u - 33*u + 4305 = 0. Suppose 0 = 4*a + 3*r - 1141, -a - 3*r - u = -4*a. Let z = -180 + a. List the prime factors of z.
2, 53
Let m = 173 + -169. Suppose 3*r = 3*q - 0 + 3, 0 = -r - 4*q + 6. Suppose -3*i - r*j + 0*j = -151, -2*i + m*j + 90 = 0. What are the prime factors of i?
7
Suppose -h + 1757 = -v + 226, 0 = -2*h - 3*v + 3077. Suppose -841 = -5*t + h. What are the prime factors of t?
5, 19
List the prime factors of (0 - 40622/5*1)/(2983/(-14915)).
2, 19, 1069
What are the prime factors of 11*16/(-88) - -4888?
2, 7, 349
Suppose -3 = -6*n + 81. Suppose -j + n = j. List the prime factors of (-6)/14 - -1 - (-983)/j.
3, 47
Let b = 46 - 42. Suppose -204 = -3*u - 4*w, 4*u - 348 = -u - b*w. Let m = -9 + u. List the prime factors of m.
3, 7
Let x(o) = o**3 - o**2 + o + 5. Let m be x(0). Suppose 3*q - 5*d - 1021 = 0, -2*d - 1691 = -m*q + d. What are the prime factors of q?
337
Let w = 1080 - 670. Suppose -3*z - w = -2*c + 396, -2*c + 5*z + 802 = 0. What are the prime factors of c?
2, 7, 29
Let a be (5 - (-9)/(-2))*-18 - -5. List the prime factors of (109 - -9)*(-42)/a.
3, 7, 59
Let m = 1933 - -1290. Suppose 781 = 26*i - m. What are the prime factors of i?
2, 7, 11
Suppose -k + 7*k - 60 = 0. Suppose 2*l + k = 0, -m + 235 = 5*l - 111. What are the prime factors of m?
7, 53
Let u = 350 - 348. Let c(n) = 21*n**2 + 18*n - 35. What are the prime factors of c(u)?
5, 17
Let v be 3 - ((-11)/((-55)/20))/(-2). Suppose v*h = -s + 303, 4*s + 4 = 2*h - 126. List the prime factors of h.
61
Let l(t) = 2*t**3 - 187*t**2 + 95*t - 275. List the prime factors of l(94).
17491
Let a(l) = -l**3 + 13*l**2 + l - 1. Let d be a(10). Suppose -5 = -3*p + 7. Suppose -3*m + 254 = -p*f, -f - d - 103 = -5*m. List the prime factors of m.
2, 41
Let v = 9045 - -7480. What are the prime factors of v?
5, 661
Let h = -398 - -397. List the prime factors of 0/8 - (-2 + (h - 233)).
2, 59
Let a be (803/292)/((-1)/(-40)*1). Let d(p) = 9*p**2 + 5*p - 5. Let q be d(4). Let i = q - a. What are the prime factors of i?
7
Let u(n) = 714*n**2 + 94*n + 401. What are the prime factors of u(-4)?
107
Let n = 30723 - -26543. List the prime factors of n.
2, 11, 19, 137
Let h = 6530 + 5248. List the prime factors of h.
2, 3, 13, 151
List the prime factors of (2/(-1) - -37245)/((4/4)/1).
37243
Let p = 239 - 158. Let b = 144 - p. What are the prime factors of b?
3, 7
Let z(t) = -2*t**3 - t**2 + 11*t + 31989. List the prime factors of z(0).
3, 10663
Let y(d) = 41402*d + 10. List the prime factors of y(1).
2, 3, 7, 17, 29
Suppose 0 = -5*z + 2*v + 27430, 5*z - 5398 = 5*v + 22047. What are the prime factors of z?
2, 3, 457
Let j = -209432 + 297698. List the prime factors of j.
2, 3, 47, 313
Let a(x) = -7*x**3 - 2*x**2 + 29*x - 37. List the prime factors of a(-9).
4643
Suppose 40*f + d = 37*f + 137411, -5*f + 229021 = 2*d. What are the prime factors of f?
3, 7, 727
Let x = -4165 - -7176. What are the prime factors of x?
3011
Let s = 40 + -84. Let u be (s - 0)/((-4)/(7 - -1)). Let g = 198 - u. What are the prime factors of g?
2, 5, 11
Let d(k) = -624*k + 138. What are the prime factors of d(-4)?
2, 3, 439
Let m = 421 + -424. What are the prime factors of 6*((-3 - m) + (-488)/(-6))?
2, 61
Suppose -4*x + 6*x + 2 = 0, -3*v + x = 95. Let a = 20 + v. Let s = 32 + a. What are the prime factors of s?
2, 5
Let t be 3/(3/8) + -3. Let q(n) = 2*n - 88 + 100 - n**2 + n**3 - t*n**2. What are the prime factors of q(7)?
3, 5
Suppose r + q + 3 = -q, 0 = 2*r - 5*q - 3. Let y be r + -2 + 63/3. Suppose 32*v + y = 35*v. What are the prime factors of v?
2, 3
Let z(n) = 136*n - 87. Let f be z(29). Suppose -2*u + 2348 = -4*g, 5*u + 5*g = 2013 + f. What are the prime factors of u?
2, 587
Let b = 140326 + -89512. List the prime factors of b.
2, 3, 941
What are the prime factors of 2/(9 + 10036/(-1116))*23?
3, 23, 31
What are the prime factors of 0/(-3 + -1 - -9) + 11246?
2, 5623
Suppose 5*c + 5*p = 73615, -8*c + 63348 + 54425 = -3*p. List the prime factors of c.
2, 17, 433
Suppose 329726 = -61*s + 4284234. List the prime factors of s.
2, 19, 853
Let s = 20987 + -8468. What are the prime factors of s?
3, 13, 107
List the prime factors of 14/161 - (435388/(-23) - (-1 + -3)).
2, 9463
Suppose 0*w - 2*w - 4260 = -5*i, -4*w - 1704 = -2*i. Suppose 0 = -5*b + 1763 + i. List the prime factors of b.
523
Suppose 113 = 5*o + 2*c, 0*o - 2*c - 25 = -o. Suppose 0 = -3*k - 4*f + 6, f + 4*f = 4*k + o. List the prime factors of 6*((-98)/(-39) - k/13).
2
Let n be 3 + (-7)/(21/255). Let s = n - -86. Suppose -2*l + 532 = -s*d, -l - 2*d = -7*d - 266. What are the prime factors of l?
2, 7, 19
Let d(v) = 9*v**2 - 15*v - 6 + 15 + v**3 + 7*v**2. Let w = 1335 - 1351. List the prime factors of d(w).
3, 83
Let s(a) = 2*a + 166. Let b be s(0). Let f = -6 + b. What are the prime factors of f?
2, 5
Let b = -1124 + 1129. Let l = -198 - -366. Suppose -2*z + 99 = -0*f - f, -b*f = 3*z - l. List the prime factors of z.
3, 17
Let t = -39304 + 60710. What are the prime factors of t?
2, 7, 11, 139
Let l = -37988 - -56557. List the prime factors of l.
31, 599
Let g = 983 - 536. Suppose -4*t = -2*y + 169 + g, -4*t - 628 = 4*y. List the prime factors of 0/(-5) - 1 - t.
2, 7, 11
Let u = 57 - 338. Let x = -200 - u. Suppose 2*q - 10 = 0, x = -2*y + 4*y - 5*q. What are the prime factors of y?
53
Let u(q) = -8*q**2 + 5*q + 13. Let t be u(-7). Let g = 954 + t. What are the prime factors of g?
2, 3, 5
Let n(i) = -315*i**2 + i - 17. Let k(s) = 157*s**2 + 8. Let j(w) = 7*k(w) + 3*n(w). List the prime factors of j(-2).
3, 5, 41
Let n(h) = -2*h**3 + 39*h**2 - 43*h + 26. Let v be n(18). Suppose 22*d - 18*d - v = 0. List the prime factors of d.
2, 7
Let q(z) = z**3 + 9*z**2 - 2*z + 3. Let d be q(-9). Suppose d*w - 20556 = -15*w. List the prime factors of w.
571
Let u be 7 - (0 + -4)/(2/(-2)). Suppose 12*f - 13*f + 233 = v, -u*f + 4*v = -692. What are the prime factors of f?
2, 29
Let l be 2582 - -62 - (-16)/2. Suppose -5*v = -2*f - l - 797, 3439 = 5*v + 3*f. List the prime factors of v.
13, 53
Let x = 4384 - 387. What are the prime factors of x?
7, 571
Suppose 105*h - 3203025 + 795585 = 0. What are the prime factors of h?
2, 1433
Let w(x) = x**3 + 84*x**2 - 95*x + 986. List the prime factors of w(-84).
2, 4483
Suppose 15162 = 5*q - 122*t + 125*t, -2*t = -2*q + 6084. List the prime factors of q.
2, 3, 11, 23
Let s = -3620 + 3622. Let b(d) = d**3 - 2*d**2 + 2*d. Let z be b(3). Suppose 5*m + z = 0, 5*m = -s*a - 3*a + 710. What are the prime factors of a?
5, 29
Let f(j) = j**3 + 4*j**2 + 6*j + 2. Let i be f(-3). Let r(w) = -2*w - 20. Let a be r(-16). List the prime factors of (-264)/i + a/42.
2, 19
Let p = 1052 + -705. Suppose -9*b = -2192 + p. What are the prime factors of b?
5, 41
Let v be (-15)/(45/4128) - 5. Let o = v + 2302. List the prime factors of o.
3, 307
Suppose -7*v + 3776 = -28494. Suppose 2*b = 7*b - v. List the prime factors of b.
2, 461
Let w(g) = 22*g + 103. Suppose 19*x = 29*x - 220. What are the prime factors of w(x)?
587
Suppose -15*j = -9*j - 3942. Let n = j - 246. List the prime factors of n.
3, 137
Let q(c) = 5*c**2 + 26*c + 1168. List the prime factors of q(-23).
5, 643
Suppose 1152 = -10*w + 13*w. Suppose w + 48 = 6*s. List the prime factors of s.
2, 3
List the prime factors of 6646 - ((-2)/5 - (-266)/(-35)).
2, 3, 1109
Let c be 105/42*(13963 - 1). What are the prime factors of 1/4 + c/60?
2, 3, 97
Let x = 577 + -271. What are the prime factors of x + 10/(-5) + 6?
2, 5, 31
Let w(v) = 14*v - 79. Let i(s) = 15*s - 79. Let c(u) = -3*i(u) + 2*w(u). What are the prime factors of c(-16)?
3, 13
Suppose 0 = -3*f + z - 702 + 2846, 0 = -2*z - 10. Let h = f + -486. List the prime factors of h.
227
Suppose 0 = -6*u + 34*u + 2953 - 25857. What are the prime factors of u?
2, 409
List the prime factors of (-143)/(6 + 5) + 8782.
3, 37, 79
Let w = 10 + 2. Let p be -10*((-4)/(-6))/((-16)/w). Let q = p - -15. What are the prime factors of q?
2, 5
Let d = -1954 - -1299. Let c = -137 - d. What are the prime factors of c?
2, 7, 37
Let c = -22 + 82. Let p be 795/c + (-2)/8. Suppose 0 = 11*j - p*j + 534. What are the prime factors of j?
3, 89
Suppose 4*y - 168*t + 171*t + 40 = 0, -3*y - t - 25 = 0. Let d = -26 + 40. Let a = 